-5*g - 3*l, l = -1 - 1. Let i be 38/6*(-5 - g). Let u = 205 - i. Is u composite?
True
Let b = 355 - -87. Let f = 819 - b. Is f a composite number?
True
Let i(c) = -2*c**3 - 2*c**2 + c - 2. Let t be i(-2). Let x be (4 + -2)/(t/24). Let r(h) = 9*h + 11. Is r(x) composite?
True
Let u(h) be the first derivative of h**3 + 11*h**2/2 - 5*h - 6. Is u(-6) a prime number?
True
Let t = 4593 + -1886. Is t a prime number?
True
Let c = -128 + 289. Let o = -112 + c. Is o composite?
True
Let c be 52/14 + 2/7. Suppose -5*f - 5*l + 8375 = 0, c = -4*l - 4. Suppose -4*q - 121 = -f. Is q composite?
False
Suppose 0 = r + 2348 - 6125. Is r composite?
True
Let x(o) = 69*o - 11. Let l be x(7). Suppose 2*n - l = 4*n. Is (0 - n/12)*3 composite?
False
Suppose -4 = 6*b - 4*b, 4*b - 2076 = -4*j. Is j + (0 + 0)/(-4) composite?
False
Let q = -1330 + 3125. Suppose 0 = 10*j - q - 1515. Is j composite?
False
Suppose 5*r - 4*l = 5482 - 439, -r - l = -1005. Is r a composite number?
True
Suppose -v = 20*v - 11109. Is v a prime number?
False
Suppose 4*u - 580 - 522 = -k, -5586 = -5*k - u. Let d = k + -199. Is d prime?
True
Suppose 39 + 1 = 4*a. Let z(s) = 23*s - 7. Is z(a) a prime number?
True
Let r(l) = -12 - 18*l + 0 + 2 - 23. Is r(-8) a prime number?
False
Suppose -9*f + 2*f = 406. Let o = -43 - f. Is o a composite number?
True
Let c = -54 - -133. Is c a composite number?
False
Let k = -10 - -10. Suppose -5*b = -5*g + 400, k*b - b + 4*g = 95. Let c = b - -152. Is c composite?
True
Suppose -3*w = 7*w - w. Suppose w = -0*j - j + 1241. Is j composite?
True
Let k = 11728 - -7287. Is k a prime number?
False
Let d = -3 + 2. Suppose 8*t = -11*t - 3648. Is (t - d - 0)/(-1) a composite number?
False
Let s(a) = -a**3 - 10*a**2 - 10*a - 5. Let j be s(-9). Suppose 2*w - 98 - 50 = 3*u, -5*u = -j*w + 298. Is w a prime number?
False
Let r = 4 - 0. Suppose 4*i = i, -5*m - r*i = -355. Let o = m + -37. Is o composite?
True
Suppose 0 = 5*u - 0*u + 20, 0 = -3*x + 5*u + 32. Suppose -o - x*l + l + 2680 = 0, 5*o + 2*l - 13361 = 0. Is o a prime number?
True
Let f = 21098 - 14199. Is f a prime number?
True
Let m be (-77)/(-15) + 30/(-225). Suppose 3*v - 4*v = 0. Suppose v*o + m*o = 635. Is o a prime number?
True
Let l(p) = p**2 + 4*p + 3. Let u be l(-4). Suppose -4*x + h - 1404 = -u*h, 5*x = 4*h - 1757. Let k = -174 - x. Is k a prime number?
True
Let i(m) be the third derivative of m**8/6720 - m**7/420 + m**6/720 + m**5/12 + 4*m**2. Let o(f) be the third derivative of i(f). Is o(8) composite?
False
Suppose 0*u + 5*u = 2*j + 8, -8 = -3*u - 2*j. Suppose -2*m - 15 = -7*m, 0 = -u*p + 2*m + 280. Is p composite?
True
Suppose 4*x + 3*c + 3105 = 0, -3*x - 4*c = 1871 + 449. Let h = 559 - x. Is h prime?
False
Let z = -18 + 23. Let d(t) = 29*t**2 + 5*t - 7. Is d(z) a prime number?
True
Let i(p) = -p. Let w(s) = -5*s**2 + 9*s + 2. Let m(v) = -5*v**2 + 8*v + 2. Let r(b) = -3*m(b) + 2*w(b). Let k(q) = 4*i(q) + r(q). Is k(6) a composite number?
True
Suppose -2*f - 12350 + 98 = 0. Is f/(-15) + 6/10 prime?
True
Let q(u) = u**3 + 18*u**2 - 20*u - 5. Let h be q(-15). Suppose 3*s - h = 71. Is s prime?
True
Is 13556/((1 + 3)/(-2 + 4)) a composite number?
True
Let m(p) = 41*p**2 - 3*p + 1. Suppose o + 0*o = -19. Let z be (-2)/7 - o/(-7). Is m(z) a composite number?
False
Let f be (-4)/14 + 10230/35. Let t = f + -169. Is (-6)/((-3)/(t/2)) composite?
True
Let u(y) = 6*y**2 - 2*y. Let l = -34 + 35. Let r be u(l). Suppose -537 = -r*b + 239. Is b composite?
True
Let o(q) = -2302*q + 31. Is o(-4) composite?
False
Let x(u) = 368*u - 113. Is x(17) a composite number?
False
Suppose b = -b - 674. Let o = b + 615. Suppose 6*q = 8*q - o. Is q a composite number?
False
Let x(f) = -6*f**2 + 4*f + 26. Let t be x(-5). Let h = -82 - t. Is h a prime number?
False
Suppose -3*d = -t + 17, -d = 3*t + 2*t - 21. Is (-2987)/(-5) - d/(-10) composite?
True
Suppose 22 = 2*n + 2*t, -t + 29 = 4*n - 0*t. Suppose 2*f - 275 = -o + n*o, -3*f - 91 = 2*o. Let r = o - -120. Is r prime?
True
Suppose 9010 = f - 4*a - 5643, 5*a + 43966 = 3*f. Is f composite?
False
Let s(l) = 36*l - 21. Suppose 0 = -3*o + 35 - 11. Is s(o) a composite number?
True
Let s(w) = -6*w - 59. Let x(v) = 5*v + 59. Let d(g) = 4*s(g) + 5*x(g). Is d(0) a prime number?
True
Suppose 4*p = -a + 6*a - 2011, -810 = -2*a + 3*p. Let g = 692 - a. Is g a prime number?
True
Suppose 4*k + 4*o = -36, o + 4 + 1 = 0. Let b(a) = -162*a + 7. Is b(k) a composite number?
True
Let d(o) = 9*o**3 + 15*o**2 + 5*o - 21. Let u(w) = 5*w**3 + 8*w**2 + 3*w - 11. Let n(i) = -3*d(i) + 5*u(i). Is n(-5) a composite number?
True
Let o = -75 - -78. Suppose o*i - 6530 = i + 3*a, -3*i - 3*a + 9825 = 0. Is i prime?
True
Let c = -3 + 7. Suppose 0 = c*w + u - 6*u - 7521, 5*w - 5*u - 9405 = 0. Suppose w = 6*m - 2*m. Is m a prime number?
False
Let d = 9 - 5. Suppose -2 - d = -3*a. Suppose -a*u - 34 = -148. Is u prime?
False
Let a be (15/10)/(-1 - 7/(-4)). Suppose -j + w = -758, a*j - 3*j + 2*w + 759 = 0. Is j composite?
False
Let f be -614*((-9)/(-6) - 2). Let k be (-40)/(-30)*453/2. Suppose -k = -3*i + f. Is i composite?
True
Let k = -5 + 9. Let y = -7 - 1. Is k/y*5*-74 a composite number?
True
Suppose -3*f + 6 + 0 = 0. Suppose -f*z + 692 = 5*n - 63, 3*z = 2*n - 283. Is n a composite number?
False
Suppose -10*v + 273582 = -102188. Is v composite?
True
Suppose -4*a = -v + 248, 0*a = a - 4. Let h = v + 43. Is h a prime number?
True
Let z(c) = 12*c - 1. Let x = -3 + 7. Suppose -5*s = x - 34. Is z(s) prime?
True
Let j(c) = -1748*c - 55. Is j(-4) composite?
True
Suppose -4*x = -2*x. Suppose 45 = -x*v - 5*v. Is (-321)/(-12) - v/(-12) a prime number?
False
Let p = 187 + -105. Suppose c = 1671 - p. Is c a prime number?
False
Suppose 64*f - 60*f - 83444 = 0. Is f a composite number?
True
Let s(h) = -29*h - 2. Let a be 3/(-1) + (-1)/1. Let o be s(a). Is 1 - (-7)/(7/o) a prime number?
False
Let g = -8891 + 3522. Let z = g + 8368. Is z a composite number?
False
Let n(l) = -l**3 + 10*l**2 + 29*l + 2. Let j(w) = -w**2 + 9*w + 22. Let s be j(10). Is n(s) composite?
True
Let q be (0 - (-1)/5) + 32235/(-175). Let z = 1117 + q. Is z composite?
True
Let d(k) = 35*k**2 + 15*k - 21. Is d(10) prime?
False
Let a(w) = w**3 + 9*w**2 + 11*w + 5. Suppose 4*f - 2*f - 2*v = 0, 5*f - 27 = -4*v. Suppose 3*d + 4*h + 40 = -d, -f*d - h = 24. Is a(d) prime?
False
Let d = -4 - -1. Let s(c) = 28*c - 7. Let j(m) = -27*m + 6. Let g(h) = 3*j(h) + 2*s(h). Is g(d) prime?
True
Let r be (12/4 - 4565)/(-1). Suppose 910 = g - 3*s, 0 = -0*g + 5*g - 3*s - r. Suppose 3*m - 5*k = g - 275, -3*m = 4*k - 629. Is m prime?
True
Let a = 73 + -143. Let g = 39 + a. Let b = 480 + g. Is b a prime number?
True
Let v(y) = y**3 + 4*y**2 + 3*y. Let b be v(-2). Suppose 0 = -b*c + 34 + 36. Let d = c - -18. Is d composite?
False
Let p(k) be the first derivative of -k**4/4 + 10*k**3/3 - k**2/2 - 9*k + 16. Is p(6) a composite number?
True
Suppose -3*t - 3*x = 2*x - 15096, -20128 = -4*t + 5*x. Suppose -3*c - 1255 + t = 0. Is c a prime number?
True
Suppose 0 = 3*f + 352 - 36241. Is f a composite number?
True
Let g(s) = -306*s - 11. Suppose 2*m + 1 + 5 = 0. Is g(m) a prime number?
True
Suppose 0*o = 5*o - 2510. Is o prime?
False
Suppose 0 = j + 3*j + 4*q + 76, 2*j + 29 = q. Let v = -1 - j. Let y = 34 + v. Is y composite?
True
Let v be 1/(2/8) + -1. Suppose -13 = 2*l + v. Is (-7290)/l - 4/16 prime?
True
Let t(h) = -h + 5. Let m be t(-8). Suppose -k + 9 = -m. Is k a prime number?
False
Suppose 0 = x - 9*x - 7584. Let p = x + 1645. Is p a prime number?
False
Let c(d) = 96*d - 7. Let a be c(-5). Let u = 1050 + a. Suppose 0 = 5*v - u - 252. Is v prime?
True
Suppose 0 = 5*g + 4 - 19. Suppose 0 = -5*t + 5*n + 1690, -g*n + 5*n = -2*t + 680. Is t a prime number?
False
Let p(c) = -c**2 + 3. Let j be p(0). Suppose w = -2*w - 12, -2*l = -j*w - 10. Is l/(0 - (-3)/(-42)) prime?
False
Suppose 3*m - 46000 = -4*c, -22*m = 4*c - 17*m - 46008. Is c composite?
False
Let l(d) = -3*d**2 + 4*d**2 - 5 + 2*d**2 - d. Is l(-19) a composite number?
False
Let p(n) = -9*n**3 - 7*n**2 + 2*n + 9. Let k be p(-6). Let j = k + -1198. Suppose -u = -2*u + j. Is u a prime number?
True
Let m(f) = 2*f**3 - 5*f**2 - 8*f - 4. Let a = -18 + 13. Let c be m(a). Let w = c - -712. Is w composite?
False
Let l(a) = -3*a - 1. Let r be l(-2). Sup